{"id":996,"date":"2025-09-12T06:47:11","date_gmt":"2025-09-12T04:47:11","guid":{"rendered":"https:\/\/portfolio.tsao-tsao.com\/?page_id=996"},"modified":"2025-09-12T07:22:10","modified_gmt":"2025-09-12T05:22:10","slug":"pyramide","status":"publish","type":"page","link":"https:\/\/portfolio.tsao-tsao.com\/?page_id=996","title":{"rendered":"Pyramide"},"content":{"rendered":"\n<p>Pyramide est un simple formulaire mais sous forme de pyramide (affichage \u00e9cran classique) ou de colonne (affichage mobile).<\/p>\n\n\n\n<p>Les fonctionnalit\u00e9s sont simples : 6 boutons \u00e0 cliquer qui ouvrent chacun une fen\u00eatre pop-up contenant une question et en-dessous un bloc de saisie de texte pour la r\u00e9ponse. On saisit, on clique sur la croix en haut \u00e0 droite, le pop-up se referme.<\/p>\n\n\n\n<p>lorsqu&rsquo;on a r\u00e9pondu \u00e0 chaque question dans l&rsquo;ordre ou le d\u00e9sordre peu importe. On clique sur le dernier bouton en haut de tout pour valider.<\/p>\n\n\n\n<p>Un nouveau pop-up s&rsquo;ouvre pour indiquer les coordonn\u00e9es de la personne et l&rsquo;adresse mail d&rsquo;envoi du formulaire.<\/p>\n\n\n\n<p>Le choix de l&rsquo;envoi peut se faire :<\/p>\n\n\n\n<ul class=\"wp-block-list\">\n<li>soit directement sur l&rsquo;ordinateur par le client de messagerie; on a alors besoin de la seule adresse du destinataire.<\/li>\n\n\n\n<li>soit par un module php d&rsquo;envoi sur le serveur de domaine sur lequel se trouve le module Pyramide on a ici aussi besoin de l&rsquo;adresse du destinataire mais aussi de celle de l&rsquo;exp\u00e9diteur qui elle sera toujours identique et parametrer dans la configuration du module php.<\/li>\n\n\n\n<li>Soit par un module node.js en cours de d\u00e9veloppement &#8211; fonctionnalit\u00e9s identiques au module pr\u00e9c\u00e9dent.<\/li>\n<\/ul>\n\n\n\n<p>C&rsquo;est tout.<\/p>\n\n\n\n<p>Travaux \u00e0 continuer sur ce programme :<\/p>\n\n\n\n<ul class=\"wp-block-list\">\n<li>am\u00e9lioration du CSS pour passer d&rsquo;un \u00e9cran classique \u00e0 un appareil mobile<\/li>\n\n\n\n<li>protection pour connaitre le domaine d&rsquo;envoi du formulaire (afin d&rsquo;\u00e9viter le spam).<\/li>\n\n\n\n<li>finalisation des modules php et node.js.<\/li>\n\n\n\n<li>d\u00e9placement du programme sur un emplacement plus neutre que <a href=\"https:\/\/azuleo.tsao-tsao.com\">https:\/\/azuleo.tsao-tsao.com<\/a><\/li>\n<\/ul>\n","protected":false},"excerpt":{"rendered":"<p>Pyramide est un simple formulaire mais sous forme de pyramide (affichage \u00e9cran classique) ou de colonne (affichage mobile). Les fonctionnalit\u00e9s [&hellip;]<\/p>\n","protected":false},"author":1,"featured_media":0,"parent":0,"menu_order":0,"comment_status":"closed","ping_status":"closed","template":"","meta":{"_eb_attr":"","site-sidebar-layout":"default","site-content-layout":"","ast-site-content-layout":"","site-content-style":"default","site-sidebar-style":"default","ast-global-header-display":"","ast-banner-title-visibility":"","ast-main-header-display":"","ast-hfb-above-header-display":"","ast-hfb-below-header-display":"","ast-hfb-mobile-header-display":"","site-post-title":"","ast-breadcrumbs-content":"","ast-featured-img":"","footer-sml-layout":"","theme-transparent-header-meta":"","adv-header-id-meta":"","stick-header-meta":"","header-above-stick-meta":"","header-main-stick-meta":"","header-below-stick-meta":"","astra-migrate-meta-layouts":"default","ast-page-background-enabled":"default","ast-page-background-meta":{"desktop":{"background-color":"var(--ast-global-color-5)","background-image":"","background-repeat":"repeat","background-position":"center center","background-size":"auto","background-attachment":"scroll","background-type":"","background-media":"","overlay-type":"","overlay-color":"","overlay-opacity":"","overlay-gradient":""},"tablet":{"background-color":"","background-image":"","background-repeat":"repeat","background-position":"center center","background-size":"auto","background-attachment":"scroll","background-type":"","background-media":"","overlay-type":"","overlay-color":"","overlay-opacity":"","overlay-gradient":""},"mobile":{"background-color":"","background-image":"","background-repeat":"repeat","background-position":"center center","background-size":"auto","background-attachment":"scroll","background-type":"","background-media":"","overlay-type":"","overlay-color":"","overlay-opacity":"","overlay-gradient":""}},"ast-content-background-meta":{"desktop":{"background-color":"var(--ast-global-color-4)","background-image":"","background-repeat":"repeat","background-position":"center center","background-size":"auto","background-attachment":"scroll","background-type":"","background-media":"","overlay-type":"","overlay-color":"","overlay-opacity":"","overlay-gradient":""},"tablet":{"background-color":"var(--ast-global-color-4)","background-image":"","background-repeat":"repeat","background-position":"center center","background-size":"auto","background-attachment":"scroll","background-type":"","background-media":"","overlay-type":"","overlay-color":"","overlay-opacity":"","overlay-gradient":""},"mobile":{"background-color":"var(--ast-global-color-4)","background-image":"","background-repeat":"repeat","background-position":"center center","background-size":"auto","background-attachment":"scroll","background-type":"","background-media":"","overlay-type":"","overlay-color":"","overlay-opacity":"","overlay-gradient":""}},"footnotes":""},"class_list":["post-996","page","type-page","status-publish","hentry"],"_links":{"self":[{"href":"https:\/\/portfolio.tsao-tsao.com\/index.php?rest_route=\/wp\/v2\/pages\/996","targetHints":{"allow":["GET"]}}],"collection":[{"href":"https:\/\/portfolio.tsao-tsao.com\/index.php?rest_route=\/wp\/v2\/pages"}],"about":[{"href":"https:\/\/portfolio.tsao-tsao.com\/index.php?rest_route=\/wp\/v2\/types\/page"}],"author":[{"embeddable":true,"href":"https:\/\/portfolio.tsao-tsao.com\/index.php?rest_route=\/wp\/v2\/users\/1"}],"replies":[{"embeddable":true,"href":"https:\/\/portfolio.tsao-tsao.com\/index.php?rest_route=%2Fwp%2Fv2%2Fcomments&post=996"}],"version-history":[{"count":5,"href":"https:\/\/portfolio.tsao-tsao.com\/index.php?rest_route=\/wp\/v2\/pages\/996\/revisions"}],"predecessor-version":[{"id":1008,"href":"https:\/\/portfolio.tsao-tsao.com\/index.php?rest_route=\/wp\/v2\/pages\/996\/revisions\/1008"}],"wp:attachment":[{"href":"https:\/\/portfolio.tsao-tsao.com\/index.php?rest_route=%2Fwp%2Fv2%2Fmedia&parent=996"}],"curies":[{"name":"wp","href":"https:\/\/api.w.org\/{rel}","templated":true}]}}